?
False
Does 11986 divide 5464913867?
False
Does 96 divide 630762629?
False
Is 180205973 a multiple of 13?
False
Is 4920 a factor of 31050120?
True
Is 143175070 a multiple of 622?
True
Is 318 a factor of 80637842?
False
Is 214 a factor of 7336134?
True
Is 156207032 a multiple of 3?
False
Does 534 divide 216885168?
True
Is 655020067 a multiple of 513?
False
Does 1514 divide 5350476?
True
Is 9 a factor of 18908406?
True
Is 932601366 a multiple of 507?
False
Is 404976646 a multiple of 158?
False
Is 7669601 a multiple of 107?
False
Does 850 divide 3144757?
False
Does 143 divide 56503733?
True
Does 261 divide 2455331922?
True
Does 71 divide 44844694?
False
Is 23 a factor of 1140481216?
False
Is 22 a factor of 45039403?
False
Is 22 a factor of 1222447?
False
Is 37 a factor of 1005177631?
True
Is 269 a factor of 70163539?
True
Does 50 divide 9304000?
True
Is 6007179712 a multiple of 334?
True
Is 33225498 a multiple of 86?
True
Does 6 divide 2075838?
True
Does 337 divide 3003024115?
False
Does 271 divide 13492277?
True
Does 258 divide 235551126?
False
Does 17 divide 40515182?
True
Is 232235476 a multiple of 22?
True
Is 57 a factor of 27671547?
False
Is 812 a factor of 192045229?
False
Does 6947 divide 634847746?
False
Is 9204 a factor of 1762823712?
True
Does 210 divide 3012030?
True
Is 94 a factor of 10312270?
True
Does 498 divide 60468509?
False
Is 41 a factor of 1732727252?
False
Does 15 divide 24001095?
True
Does 2517 divide 296198043?
True
Is 19980916 a multiple of 166?
False
Does 2856 divide 43322275?
False
Is 2936 a factor of 14838739?
False
Is 61 a factor of 334811146?
False
Is 90038378 a multiple of 41?
True
Is 1020342473 a multiple of 166?
False
Is 384 a factor of 183308166?
False
Does 108 divide 162813132?
True
Does 47 divide 889455495?
True
Is 130161324 a multiple of 8?
False
Is 5 a factor of 44552674?
False
Is 4380 a factor of 1045674370?
False
Is 52134835 a multiple of 17?
True
Is 109351112 a multiple of 58?
True
Does 378 divide 84559898?
False
Does 47 divide 75854765?
False
Does 836 divide 106122395?
False
Does 2126 divide 576313207?
False
Is 26 a factor of 871465943?
False
Is 82 a factor of 374040531?
False
Does 9 divide 889011333?
True
Is 166 a factor of 1356901596?
True
Is 436 a factor of 2486828896?
True
Does 30 divide 615423300?
True
Is 80811456 a multiple of 528?
True
Is 185742432 a multiple of 1150?
False
Does 374 divide 20212691?
False
Is 1031912904 a multiple of 24?
True
Is 16183373 a multiple of 219?
False
Is 93145808 a multiple of 14?
True
Is 13800412 a multiple of 284?
True
Is 1284 a factor of 569061544?
False
Is 10 a factor of 29093250?
True
Is 10525926 a multiple of 97?
False
Is 296489792 a multiple of 28?
False
Is 10 a factor of 427289040?
True
Is 557786229 a multiple of 18?
False
Is 99 a factor of 21141153?
True
Does 2 divide 314162?
True
Is 165 a factor of 132598125?
True
Does 34 divide 65730262?
True
Does 475 divide 38238685?
False
Does 58 divide 127373953?
False
Is 105 a factor of 23724937?
False
Is 511599360 a multiple of 5780?
True
Does 88 divide 80155549?
False
Is 669384703 a multiple of 4390?
False
Does 804 divide 6703752?
True
Is 5 a factor of 129577821?
False
Is 216 a factor of 21647754?
False
Is 2 a factor of 110890558?
True
Does 1337 divide 558583893?
True
Is 8023846 a multiple of 11?
False
Is 2 a factor of 6284265?
False
Is 3258972166 a multiple of 943?
True
Is 606856858 a multiple of 5250?
False
Is 71814113 a multiple of 22?
False
Is 8810965 a multiple of 2997?
False
Does 396 divide 219151152?
True
Is 135457372 a multiple of 4878?
False
Is 39 a factor of 12620166?
True
Is 329112800 a multiple of 1880?
True
Is 4106928306 a multiple of 3909?
True
Is 231176544 a multiple of 12?
True
Is 420 a factor of 62128080?
True
Is 29863776 a multiple of 395?
False
Is 537 a factor of 300679188?
True
Is 1506 a factor of 2592512736?
True
Is 4 a factor of 110719023?
False
Does 251 divide 1722492235?
False
Does 811 divide 14995097?
False
Is 2080 a factor of 15918874?
False
Is 71771767 a multiple of 30?
False
Is 12670031 a multiple of 214?
False
Does 155 divide 73630020?
False
Does 2209 divide 525909911?
False
Does 23 divide 18540712?
False
Does 13 divide 195306293?
True
Is 116 a factor of 66755100?
True
Is 1689371261 a multiple of 643?
True
Is 21941475 a multiple of 425?
True
Is 22 a factor of 780404362?
False
Is 831011183 a multiple of 47?
True
Is 146 a factor of 43560852?
True
Is 17334736 a multiple of 5?
False
Is 182012857 a multiple of 13?
True
Is 136 a factor of 187917853?
False
Does 97 divide 41276778?
False
Is 205595920 a multiple of 395?
True
Is 268995060 a multiple of 8370?
True
Is 7054 a factor of 1146085827?
False
Is 36 a factor of 5026354560?
True
Is 22213046 a multiple of 1380?
False
Is 3156307706 a multiple of 1054?
False
Is 68582177 a multiple of 221?
False
Is 302267637 a multiple of 3357?
True
Does 222 divide 216053508?
True
Is 103069476 a multiple of 27?
True
Is 272216160 a multiple of 360?
True
Is 395653869 a multiple of 117?
True
Is 570025035 a multiple of 2?
False
Is 36 a factor of 12960540?
True
Is 156790412 a multiple of 115?
False
Does 11 divide 3821059?
True
Is 5 a factor of 16996076?
False
Is 9846478 a multiple of 82?
True
Is 2211 a factor of 70685670?
True
Does 683 divide 52367659?
True
Is 105 a factor of 50118915?
True
Is 120831372 a multiple of 9?
True
Is 6 a factor of 321384840?
True
Does 4276 divide 2060035692?
True
Is 262366163 a multiple of 877?
False
Is 80343339 a multiple of 339?
True
Is 43119894 a multiple of 69?
True
Is 4977 a factor of 243489771?
True
Does 373 divide 11579770?
False
Does 631 divide 5010771?
True
Is 14 a factor of 13783339?
False
Is 5813700 a multiple of 100?
True
Does 1727 divide 2115545440?
False
Does 50 divide 485509250?
True
Does 40 divide 124257240?
True
Is 21558915 a multiple of 4?
False
Is 37 a factor of 8158389?
True
Does 41 divide 844733701?
True
Is 30375604 even?
True
Does 7 divide 461745844?
True
Does 11 divide 44146938?
True
Does 29 divide 684587743?
False
Is 68120206 a multiple of 688?
False
Does 506 divide 38651822?
True
Is 126856900 a multiple of 7949?
False
Is 4717 a factor of 1957894624?
True
Does 625 divide 101185625?
True
Is 25 a factor of 1002123775?
True
Does 547 divide 869676394?
True
Is 187 a factor of 89598255?
False
Is 1131090 a multiple of 74?
True
Is 28669564 a multiple of 216?
False
Does 127 divide 279313132?
True
Does 73 divide 169940715?
True
Does 57 divide 6888393?
True
Does 5865 divide 783955496?
False
Does 5 divide 46101867?
False
Does 4322 divide 635684082?
True
Is 366 a factor of 1123811944?
False
Is 551 a factor of 541126631?
True
Is 596588403 a multiple of 2?
False
Is 68 a factor of 211045921?
False
Is 259139804 a multiple of 92?
True
Does 963 divide 1497465?
True
Is 3634 a factor of 3569034982?
True
Does 16 divide 36329424?
True
Is 3516 a factor of 1205455576?
False
Does 306 divide 1023350292?
True
Is 40 a factor of 100638840?
True
Is 255756669 a multiple of 455?
False
Is 9002 a factor of 1029320348?
False
Is 1014 a factor of 23677914?
True
Does 2396 divide 123378616?
False
Is 1193 a factor of 18250261?
False
Is 18 a factor of 32271318?
True
Is 917051469 a multiple of 41?
True
Is 2752806 a multiple of 390?
False
Is 51722770 a multiple of 19?
False
Does 216 divide 20217604?
False
Does 349 divide 439953588?
True
Does 2719 divide 27236223?
True
Does 49 divide 190106476?
True
Is 284903400 a multiple of 100?
True
Is 17788145 a multiple of 4?
False
Does 6 divide 2546952?
True
Does 102 divide 103380937?
False
Does 41 divide 2603048?
False
Is 204 a factor of 42494073?
False
Does 124 divide 10672308?
True
Is 45693756 a multiple of 2?
True
Is 33 a factor of 51231735?
False
Is 106 a factor of 3394877?
False
Does 40 divide 240530760?
True
Does 11 divide 414682269?
False
Does 2961 divide 231493941?
True
Does 28 divide 176837080?
True
Is 197 a factor of 41799358?
False
Is 83 a factor of 2450126468?
True
Is 85 a factor of 7775715?
True
Does 2 divide 127344?
True
Is 1061 a factor of 244443675?
False
Is 16385482 a multiple of 61?
False
Does 24 divide 1580616?
True
Does 89 divide 37243830?
True
Is 68 a factor of 148807317?
False
Is 353845161 a multiple of 1936?
False
Is 158 a factor of 9940646?
False
Is 41236556 a multiple of 4?
True
Is 1104174736 a m